e 0 = -18*p + 16*p + 26. What is the highest common factor of p and 637?
13
Suppose 0*z = 2*z - 6. Suppose 0 = 7*c + 36 - 57. What is the highest common divisor of z and c?
3
Let v = -40 + 164. Suppose -b - v = -5*b. Let q = -25 + b. What is the greatest common factor of 24 and q?
6
Let i(c) = 21*c - 7. Let q be i(1). Calculate the greatest common divisor of q and 574.
14
Let s(i) = i**3 + 16*i**2 + 28*i + 8. Let v be s(-12). What is the highest common divisor of 16 and v?
8
Let y(s) = -s**3 - 2*s**2 - 2*s - 11. Let o be y(-3). Suppose o*f - 36 = -k, -4*k = -4*f + 2*f. Calculate the highest common factor of 24 and f.
8
Let a(x) = -6*x**3 + x**2 - 6*x - 21. Let l be a(-4). Calculate the greatest common factor of 13 and l.
13
Suppose -5*m + 3*q + 47 = -69, 3*m - q - 72 = 0. Suppose -u + 41 = -3*t, 0*u - 141 = -3*u + 3*t. What is the greatest common divisor of m and u?
25
Let z be (-327 + -2)*-1 + 7. What is the highest common divisor of z and 24?
24
Suppose -9*v + 4*v = -20. Suppose -6*g + v*g + 150 = 0. Let n be 3/(2/20 - 0). Calculate the greatest common divisor of g and n.
15
Let r be 8*5 - (-2 + 10/5). Suppose 0 = 5*v + r - 55. Calculate the highest common divisor of 9 and v.
3
Suppose -4*w + s - 6*s = 1547, 2*s = -6. Let a be (-6)/10 - w/5. Suppose 10 = h - 9. Calculate the greatest common divisor of h and a.
19
Let i be (-36)/(-48) + -93*(-3)/12. Let p = 13 + -5. Calculate the highest common divisor of i and p.
8
Suppose r = -5*w + 3*w + 11, 0 = 2*r - 3*w - 22. Suppose r = 3*k + 26. Let t be 2*(-4 - k)*1. Calculate the greatest common divisor of t and 12.
2
Let m be (3 + 277)*(-24)/(-20). Calculate the greatest common factor of m and 64.
16
Let s(j) = -2*j + 29. Let r(b) = 2*b + 3. Let h be r(-8). Let f be s(h). What is the highest common factor of f and 11?
11
Let r be 96/14 + 2/14 - 1. Suppose -4*o + 24 = -8. Suppose o = r*y - 2*y. Calculate the greatest common divisor of y and 2.
2
Suppose 4*i - 5 = -p + 6, -5*p + 7 = -4*i. Suppose 0 = -i*j + 4 + 6. Let z be (-282)/(-8) - (-1)/(-4). What is the greatest common divisor of j and z?
5
Suppose -3*b = -4*f + 38, 3*f + 29 + 19 = -2*b. Let a be -3*(-3)/b*-26. Calculate the greatest common factor of a and 13.
13
Let h be 39*-1 + 11 + -10. Let g be ((-8)/(-10))/(h/(-1805)). Calculate the greatest common divisor of 152 and g.
38
Let a be 1 + (39 - (1 + -1)). Suppose 578*h - 599*h + 1260 = 0. Calculate the highest common factor of h and a.
20
Let n be 8 - 0*2/4. Let q be (30/(-18))/((-3)/9). Suppose -4 = q*t - 324. Calculate the highest common factor of t and n.
8
Let b(i) = i**2 + 16. Let w(s) = -2*s**3 - 8*s**2 + 10*s. Let d be w(-5). Let y be b(d). What is the highest common divisor of y and 48?
16
Suppose 1088 = 10*o - g + 10, 422 = 4*o - 5*g. What is the highest common factor of 24 and o?
12
Suppose -10 = 2*b, 0 = 3*c - 0*b + 4*b - 877. What is the highest common factor of 26 and c?
13
Let v be 0/3 - (1 + -26). Let w(b) = 7*b - 16. Let j be w(8). Suppose -j = 50*k - 54*k. What is the greatest common divisor of v and k?
5
Suppose 20*x = 26 + 14. What is the greatest common factor of 14 and x?
2
Let m be ((-75)/9)/(1/(-15)). What is the highest common divisor of m and 5?
5
Suppose -4*s = m - 56, 4*m - 29 = 507*s - 508*s. Let w be 2/(-2)*(2 + -28). What is the highest common factor of w and s?
13
Suppose -3*u = -21 - 51. Let w = 16 + -11. Suppose 43 = 4*v - w. Calculate the highest common divisor of v and u.
12
Let i = 487 + -363. Calculate the highest common factor of i and 8.
4
Suppose -3*c - 2*z - 18 = 0, -2*c - 2*z + 3*z - 12 = 0. Let n(v) = -v**3 - 4*v**2 + 4*v - 6. Let p be n(c). What is the greatest common divisor of 6 and p?
6
Let z be 10 + -6 + 4/2. Let w be (1 + -3)/z*-6. Let p(m) = m**2 - 7*m + 7. Let o be p(6). Calculate the greatest common divisor of w and o.
1
Let d(g) = 2*g**2 + 56*g + 18. Let h be d(-28). Let z = -11 + 16. Suppose -3*f = 5*k - 39, 13 = z*f - 3*k - h. Calculate the greatest common factor of f and 16.
8
Suppose 2*c + 54 = 2*w, 4*c - w + 67 = -44. Let m = c - -37. Calculate the highest common divisor of 36 and m.
9
Let r be 0 + -1 + 0 - -14. Let n = 24 - 21. Suppose 0*a - a = 5, 600 = 5*j - n*a. Calculate the greatest common divisor of j and r.
13
Let b(j) = -j + 6. Let r be b(4). Suppose -5*q + r*v - 627 = -8*q, 5*q - 4*v = 1023. Calculate the highest common factor of 23 and q.
23
Suppose 0 = -13*n + 1105 + 2106. What is the highest common divisor of 19 and n?
19
Suppose 5*d - 16 = -6. Suppose -2*t + 18 = d. Calculate the highest common factor of 104 and t.
8
Suppose 84 = -2*f + 94. Calculate the greatest common divisor of f and 605.
5
Suppose 5*f - 4*y - 378 = 0, 0 = -5*f + y - 33 + 420. Calculate the highest common factor of f and 26.
26
Let t = -4669 - -4680. Suppose 6*u - 330 = u. Calculate the greatest common factor of t and u.
11
Suppose -161 = 2*s - 29. Let b = -30 - s. What is the greatest common divisor of b and 12?
12
Suppose -4*y = 36 - 96. Suppose 3*b - 92 = 133. Calculate the highest common divisor of y and b.
15
Let c = -36 - -21. Let q be 2/3 + (-726)/9. Let p = c - q. What is the greatest common divisor of p and 13?
13
Let k be 135 - 0 - 0/1. What is the highest common factor of 30 and k?
15
Suppose -5*x - 15 = -45. Let q = x + 162. What is the highest common divisor of q and 24?
24
Let x(i) = 4*i - 8. Let d be x(3). Suppose -4*n = 0, -585 = -5*v - d*n - 85. What is the greatest common divisor of 20 and v?
20
Suppose -5*k + 20 = 5*s, s + 4*k = k. Let d be 9/s*3/(18/32). Calculate the greatest common factor of 128 and d.
8
Suppose -3*j = -0*j - 18. Let u(d) = -32*d**3 - d. Let g be u(-1). Let m be (-200)/(-3) - 22/g. Calculate the highest common factor of j and m.
6
Let h(q) = 6*q**2. Let p be h(1). Suppose -17784 = 578*j - 692*j. Calculate the highest common divisor of j and p.
6
Let p = -21 - -35. Suppose -7*j + 1652 - 574 = 0. What is the greatest common factor of j and p?
14
Let w be -48 + 58 - (-67 + -1). Calculate the greatest common factor of 18 and w.
6
Suppose 1269 = 10*o + 4039. Let s = o - -457. What is the highest common divisor of s and 20?
20
Suppose 4*u = -8, 3*f - u - 156 + 28 = 0. What is the highest common divisor of f and 7?
7
Suppose -275*j + 267*j = -2392. Calculate the highest common divisor of j and 39.
13
Suppose -6*s - 93 = 3. Let x be ((-10)/(-8))/((-4)/s). Suppose -5*y - 31 = -4*i + i, -61 = -x*i - y. Calculate the greatest common divisor of i and 6.
6
Let t be ((-33)/(-22))/(1/(64/12)). What is the greatest common factor of 16 and t?
8
Suppose -161*f + 170*f - 108 = 0. What is the highest common factor of f and 786?
6
Suppose 3*h - 170 = 4*i, -2*i = 2*h - i - 106. Calculate the highest common divisor of h and 27.
27
Let g(w) = -w**3 + 11*w**2 + 5. Let z be g(11). Suppose 2*h - 36 = -u + 5, -5*u = z*h - 100. Calculate the highest common factor of h and 21.
21
Let k be (1 - 2) + (-64)/(-1). Suppose -3*g + 48 = 5*g. Let j = 36 + g. What is the greatest common factor of j and k?
21
Let x be (31 - (14 + -5))/(2/6). What is the greatest common divisor of x and 99?
33
Let c(p) = -4*p - 6. Let l be c(-7). Let m be 1148/21 + (6/(-9))/(-2). What is the greatest common factor of m and l?
11
Let c be (-73 + 38)*42/(-5) - -5. Calculate the highest common factor of 13 and c.
13
Suppose -2*p + 36 = -0*p. Suppose 4*b = 5*r + 63, 2*r + 3*b + 30 = 7*b. Let n = r + 17. Calculate the highest common divisor of n and p.
6
Let q = -59 + 86. Suppose 3*g + 0 = 5*n + 12, 5*n = 2*g - 3. What is the highest common divisor of g and q?
9
Let a = -266 + 277. What is the greatest common factor of 649 and a?
11
Suppose 3*i = -2*z + 234, -i + 59 = z - 20. Calculate the greatest common factor of 16 and i.
4
Let p = 876 - 270. What is the highest common divisor of 6 and p?
6
Suppose -4*w + 249 = -1155. Suppose 3*k + 4*p - p - w = 0, 2*k - 243 = p. Let d = k - 22. What is the highest common divisor of 14 and d?
14
Let k = 24 - -12. Suppose -v - 5*f = 3*v - 221, 59 = v + 5*f. What is the highest common divisor of k and v?
18
Let l be (3 - 0)/((-135)/(-450)). Calculate the highest common factor of 24 and l.
2
Suppose 1268*s - 10350 = 1263*s. Calculate the highest common divisor of s and 15.
15
Let w(t) be the third derivative of -t**6/120 + 2*t**5/15 + 7*t